{"id":8704,"date":"2023-11-28T19:43:15","date_gmt":"2023-11-29T00:43:15","guid":{"rendered":"https:\/\/dgi.gouv.ht\/?post_type=formation&#038;p=8704"},"modified":"2023-11-28T22:46:36","modified_gmt":"2023-11-29T03:46:36","slug":"formation-sur-les-compagnies-dassurances","status":"publish","type":"formation","link":"https:\/\/dgi.gouv.ht\/ht\/formation\/formation-sur-les-compagnies-dassurances\/","title":{"rendered":"Formation sur les Compagnies d\u2019Assurances"},"content":{"rendered":"<div data-elementor-type=\"wp-post\" data-elementor-id=\"8704\" class=\"elementor elementor-8704\">\n\t\t\t\t\t\t<section data-particle_enable=\"false\" data-particle-mobile-disabled=\"false\" class=\"elementor-section elementor-top-section elementor-element elementor-element-3237dc6 elementor-section-boxed elementor-section-height-default elementor-section-height-default\" data-id=\"3237dc6\" data-element_type=\"section\">\n\t\t\t\t\t\t<div class=\"elementor-container elementor-column-gap-default\">\n\t\t\t\t\t<div class=\"elementor-column elementor-col-66 elementor-top-column elementor-element elementor-element-96b1873\" data-id=\"96b1873\" data-element_type=\"column\">\n\t\t\t<div class=\"elementor-widget-wrap elementor-element-populated\">\n\t\t\t\t\t\t<div class=\"elementor-element elementor-element-25bb946 elementor-widget elementor-widget-text-editor\" data-id=\"25bb946\" data-element_type=\"widget\" data-widget_type=\"text-editor.default\">\n\t\t\t\t<div class=\"elementor-widget-container\">\n\t\t\t\t\t\t\t<p style=\"text-align: justify;\">C\u00c9R\u00c9MONIE DE CLOTURE DE LA FORMATION SUR LA FISCALITE DES ACTIVITES COMPLEXES : LES <br \/>COMPAGNIES D\u2019ASSURANCE<br \/>Ce vendredi 11 mars 2022 ont eu lieu la cinqui\u00e8me journ\u00e9e et la c\u00e9r\u00e9monie de cl\u00f4ture de de la <br \/>formation sur la fiscalit\u00e9 des activit\u00e9s complexes \u00e0 l\u2019intention d\u2019un groupe select de v\u00e9rificateurs <br \/>de la Direction G\u00e9n\u00e9rale des Imp\u00f4ts (DGI) et de la Direction de l\u2019Inspection Fiscale du Minist\u00e8re <br \/>de l\u2019Economie et des Finances (MEF) dans le cadre du programme de coop\u00e9ration de renforcement <br \/>de la gouvernance \u00e9conomique mise en \u0153uvre par Expertise France avec le support de l\u2019Union <br \/>Europ\u00e9enne.<br \/>La c\u00e9r\u00e9monie de fermeture des cinq journ\u00e9es de formations re\u00e7ues par une quinzaine d\u2019agents de <br \/>la fiscalit\u00e9 s\u2019est tenue en pr\u00e9sence du Directeur G\u00e9n\u00e9ral Adjoint de la DGI, Mr. Lubonheur <br \/>LOREDANT, du Directeur du l\u2019UCRP (Unit\u00e9 de Communication et des Relations Publiques) de <br \/>la DGI, Mr. Huguens LUBIN, \u00e9galement ma\u00eetre de c\u00e9r\u00e9monie, de la repr\u00e9sentante de Expertise <br \/>France, Mme Awa N\u2019DIAYE, des formateurs en provence du S\u00e9n\u00e9gal, Mr Mactar SY et Mr <br \/>Mouhamadou Momar BADIANE et de quelques cadres et verificateurs de la DGI.<br \/>Dans son allocution, le Directeur G\u00e9n\u00e9ral Adjoint, M. LOREDANT, parlant au nom de la <br \/>Direction G\u00e9n\u00e9rale, remercie l\u2019Expertise France d\u2019avoir compris les pr\u00e9occupations de la <br \/>Direction G\u00e9n\u00e9rale et d\u2019avoir, en cons\u00e9quence, align\u00e9 les actions de coop\u00e9ration sur les priorit\u00e9s <br \/>de l\u2019Administration. Celle-ci \u00e9tant \u00e0 l\u2019heure de la r\u00e9forme, le renforcement des capacit\u00e9s par la <br \/>formation des agents de la DGI dans le domaine de la fiscalit\u00e9 des activit\u00e9s complexes est tr\u00e8s <br \/>bienvenu. Il s\u2019agissait d\u2019une formation de formateurs. Les v\u00e9rificateurs r\u00e9cipiendaires de la <br \/>formation seront appel\u00e9s \u00e0 la r\u00e9pliquer aupr\u00e8s d\u2019autres v\u00e9rificateurs en vue de dynamiser le <br \/>contr\u00f4le fiscal des entreprises \u00e9voluant dans le secteur des assurances. Aussi, souhaite-il l\u2019arriv\u00e9e <br \/>d\u2019autres formations dans les domaines des t\u00e9l\u00e9communications, de la construction et de l\u2019\u00e9conomie <br \/>num\u00e9rique.<br \/>Pour sa part, Mme N\u2019DIAYE a d\u2019abord remerci\u00e9 la Direction G\u00e9n\u00e9rale de son appui dans <br \/>l\u2019organisation et la r\u00e9ussite de cette action de formation de qualit\u00e9, ensuite les v\u00e9rificateurs pour <br \/>leur participation tr\u00e8s active, tr\u00e8s enrichissante tout au long du d\u00e9roulement de la formation. \u201cVous <br \/>voulez apprendre \u00e0 condition que les bonnes personnes soient l\u00e0 pour vous donner les informations <br \/>demand\u00e9es\u201d a-t-elle affirm\u00e9. La formation se voulait \u00eatre sur mesure en tenant compte de la r\u00e9alit\u00e9 <br \/>ha\u00eftienne.<br \/>Les formateurs, de leur c\u00f4t\u00e9, se disent satisfaits de leur premi\u00e8re exp\u00e9rience en Ha\u00efti en d\u00e9pit du <br \/>fait qu\u2019ils avaient des pr\u00e9occupations avant de venir en Ha\u00efti. Ils disent avoir \u00e9t\u00e9 heureux de <br \/>l\u2019opportunit\u00e9 de partager des \u00e9l\u00e9ments de connaissance avec des fr\u00e8res et s\u0153urs dont ils ont <br \/>appr\u00e9ci\u00e9 la compagnie. Cette action de formation cons\u00e9quente dans le domaine de la fiscalit\u00e9 des <br \/>assurances se veut pragmatique et esp\u00e8re g\u00e9n\u00e9rer les r\u00e9sultats escompt\u00e9s en termes de mobilisation <br \/>de recettes dans le secteur des assurances.<br \/>Enfin, M. Francky St LOUIS, prenant la parole au nom du groupe, remercie les formateurs, la <br \/>Direction G\u00e9n\u00e9rale, la repr\u00e9sentante de l\u2019Expertise France et ainsi, exprimer l\u2019enti\u00e8re satisfaction <br \/>du groupe pour la qualit\u00e9 de la formation qui a \u00e9t\u00e9 dispens\u00e9e. De surcro\u00eet, se dit capable de r\u00e9fl\u00e9chir <br \/>sur les \u00e9tats financiers plus facilement \u00e0 pr\u00e9sent en ce qui a trait au secteur des assurances et pr\u00eat <br \/>\u00e0 fouler la pelouse pour une bonne partie de jeu<\/p>\t\t\t\t\t\t<\/div>\n\t\t\t\t<\/div>\n\t\t\t\t\t<\/div>\n\t\t<\/div>\n\t\t\t\t<div class=\"elementor-column elementor-col-33 elementor-top-column elementor-element elementor-element-f38db09\" data-id=\"f38db09\" data-element_type=\"column\">\n\t\t\t<div class=\"elementor-widget-wrap\">\n\t\t\t\t\t\t\t<\/div>\n\t\t<\/div>\n\t\t\t\t\t<\/div>\n\t\t<\/section>\n\t\t\t\t<\/div>","protected":false},"featured_media":8705,"template":"","categorie-formation":[],"class_list":["post-8704","formation","type-formation","status-publish","has-post-thumbnail","hentry"],"aioseo_notices":[],"_links":{"self":[{"href":"https:\/\/dgi.gouv.ht\/ht\/wp-json\/wp\/v2\/formation\/8704","targetHints":{"allow":["GET"]}}],"collection":[{"href":"https:\/\/dgi.gouv.ht\/ht\/wp-json\/wp\/v2\/formation"}],"about":[{"href":"https:\/\/dgi.gouv.ht\/ht\/wp-json\/wp\/v2\/types\/formation"}],"version-history":[{"count":7,"href":"https:\/\/dgi.gouv.ht\/ht\/wp-json\/wp\/v2\/formation\/8704\/revisions"}],"predecessor-version":[{"id":8763,"href":"https:\/\/dgi.gouv.ht\/ht\/wp-json\/wp\/v2\/formation\/8704\/revisions\/8763"}],"wp:featuredmedia":[{"embeddable":true,"href":"https:\/\/dgi.gouv.ht\/ht\/wp-json\/wp\/v2\/media\/8705"}],"wp:attachment":[{"href":"https:\/\/dgi.gouv.ht\/ht\/wp-json\/wp\/v2\/media?parent=8704"}],"wp:term":[{"taxonomy":"categorie-formation","embeddable":true,"href":"https:\/\/dgi.gouv.ht\/ht\/wp-json\/wp\/v2\/categorie-formation?post=8704"}],"curies":[{"name":"wp","href":"https:\/\/api.w.org\/{rel}","templated":true}]}}

<div data-elementor-type="wp-post" data-elementor-id="8704" class="elementor elementor-8704">
						<section data-particle_enable="false" data-particle-mobile-disabled="false" class="elementor-section elementor-top-section elementor-element elementor-element-3237dc6 elementor-section-boxed elementor-section-height-default elementor-section-height-default" data-id="3237dc6" data-element_type="section">
						<div class="elementor-container elementor-column-gap-default">
					<div class="elementor-column elementor-col-66 elementor-top-column elementor-element elementor-element-96b1873" data-id="96b1873" data-element_type="column">
			<div class="elementor-widget-wrap elementor-element-populated">
						<div class="elementor-element elementor-element-25bb946 elementor-widget elementor-widget-text-editor" data-id="25bb946" data-element_type="widget" data-widget_type="text-editor.default">
				<div class="elementor-widget-container">
							<p style="text-align: justify;">CÉRÉMONIE DE CLOTURE DE LA FORMATION SUR LA FISCALITE DES ACTIVITES COMPLEXES : LES <br />COMPAGNIES D’ASSURANCE<br />Ce vendredi 11 mars 2022 ont eu lieu la cinquième journée et la cérémonie de clôture de de la <br />formation sur la fiscalité des activités complexes à l’intention d’un groupe select de vérificateurs <br />de la Direction Générale des Impôts (DGI) et de la Direction de l’Inspection Fiscale du Ministère <br />de l’Economie et des Finances (MEF) dans le cadre du programme de coopération de renforcement <br />de la gouvernance économique mise en œuvre par Expertise France avec le support de l’Union <br />Européenne.<br />La cérémonie de fermeture des cinq journées de formations reçues par une quinzaine d’agents de <br />la fiscalité s’est tenue en présence du Directeur Général Adjoint de la DGI, Mr. Lubonheur <br />LOREDANT, du Directeur du l’UCRP (Unité de Communication et des Relations Publiques) de <br />la DGI, Mr. Huguens LUBIN, également maître de cérémonie, de la représentante de Expertise <br />France, Mme Awa N’DIAYE, des formateurs en provence du Sénégal, Mr Mactar SY et Mr <br />Mouhamadou Momar BADIANE et de quelques cadres et verificateurs de la DGI.<br />Dans son allocution, le Directeur Général Adjoint, M. LOREDANT, parlant au nom de la <br />Direction Générale, remercie l’Expertise France d’avoir compris les préoccupations de la <br />Direction Générale et d’avoir, en conséquence, aligné les actions de coopération sur les priorités <br />de l’Administration. Celle-ci étant à l’heure de la réforme, le renforcement des capacités par la <br />formation des agents de la DGI dans le domaine de la fiscalité des activités complexes est très <br />bienvenu. Il s’agissait d’une formation de formateurs. Les vérificateurs récipiendaires de la <br />formation seront appelés à la répliquer auprès d’autres vérificateurs en vue de dynamiser le <br />contrôle fiscal des entreprises évoluant dans le secteur des assurances. Aussi, souhaite-il l’arrivée <br />d’autres formations dans les domaines des télécommunications, de la construction et de l’économie <br />numérique.<br />Pour sa part, Mme N’DIAYE a d’abord remercié la Direction Générale de son appui dans <br />l’organisation et la réussite de cette action de formation de qualité, ensuite les vérificateurs pour <br />leur participation très active, très enrichissante tout au long du déroulement de la formation. “Vous <br />voulez apprendre à condition que les bonnes personnes soient là pour vous donner les informations <br />demandées” a-t-elle affirmé. La formation se voulait être sur mesure en tenant compte de la réalité <br />haïtienne.<br />Les formateurs, de leur côté, se disent satisfaits de leur première expérience en Haïti en dépit du <br />fait qu’ils avaient des préoccupations avant de venir en Haïti. Ils disent avoir été heureux de <br />l’opportunité de partager des éléments de connaissance avec des frères et sœurs dont ils ont <br />apprécié la compagnie. Cette action de formation conséquente dans le domaine de la fiscalité des <br />assurances se veut pragmatique et espère générer les résultats escomptés en termes de mobilisation <br />de recettes dans le secteur des assurances.<br />Enfin, M. Francky St LOUIS, prenant la parole au nom du groupe, remercie les formateurs, la <br />Direction Générale, la représentante de l’Expertise France et ainsi, exprimer l’entière satisfaction <br />du groupe pour la qualité de la formation qui a été dispensée. De surcroît, se dit capable de réfléchir <br />sur les états financiers plus facilement à présent en ce qui a trait au secteur des assurances et prêt <br />à fouler la pelouse pour une bonne partie de jeu</p>						</div>
				</div>
					</div>
		</div>
				<div class="elementor-column elementor-col-33 elementor-top-column elementor-element elementor-element-f38db09" data-id="f38db09" data-element_type="column">
			<div class="elementor-widget-wrap">
							</div>
		</div>
					</div>
		</section>
				</div>
